(6 - -1) - 0.
-1
Calculate (4 - 2) + -10 + 3.
-5
Calculate (-1 - -2) + 0 + (12 - 12).
1
What is 5 + 1 - (-5 + 9)?
2
What is (12 - (2 + 4)) + -8?
-2
0 - 4 - (-70 - -62)
4
What is -3 - -12 - (16 - 10)?
3
Calculate -4 + 2 + 4 + -4.
-2
Calculate 4 - -3 - (3 - 3).
7
(-4 - 3) + (-10 - -15)
-2
What is 1 + 0 + 0 + -10 + 5?
-4
Calculate 20 - 11 - 4 - -4.
9
Evaluate -10 + (5 - (3 - (2 - 0))).
-6
Calculate -1 + 7 - (-13 + 24 - -1).
-6
Calculate (-7 - -1) + (5 - -2) + -4.
-3
-1 - (-3 + 1 - (-5 + 5))
1
What is 3 + -13 + (3 - 0) + 4?
-3
Calculate -1 + 2 + -8 + 4.
-3
Evaluate (2 - 6) + (-9 - -9 - -13).
9
Calculate 3 + (1 - (3 + -2 + -3)).
6
What is the value of 7 + (3 + -11 + 3 - -2)?
4
Calculate (-1 + 1 - (3 - -1)) + 0.
-4
Evaluate -7 - (18 + -11 - (-2 + 20)).
4
What is -2 + 3 - (-1 + -2 + 0)?
4
Calculate -1 + 2 - (7 + -2).
-4
What is the value of 3 - (-6 + (3 - -2))?
4
Calculate -12 + -5 + 0 + -5 + 17.
-5
Evaluate 14 - (-8 - -14) - 7.
1
What is -2 - -6 - (13 + 13 + -19)?
-3
What is the value of (-4 + 2 - (22 + -25)) + -7?
-6
(-5 - -8) + -3 + (-6 - -1)
-5
Evaluate -3 + 2 + 0 + 1.
0
Calculate -3 + 1 + 3 - -3 - -1.
5
Calculate (-13 + 5 + 12 - 0) + -13.
-9
Evaluate 29 + -21 - (0 + 10).
-2
7 + (3 - 5) + (-9 - -4)
0
Evaluate (1 - 4) + (43 - 36).
4
Calculate 5 + -6 - 4 - -2 - -1.
-2
What is the value of (11 - 5) + (-9 - 1)?
-4
10 - 18 - -8 - 2
-2
(-17 - -6) + 15 - -2
6
Evaluate (-2 - (-5 - -1)) + -1.
1
50 + -50 - (0 - 2)
2
What is the value of -4 + (11 - (6 + (-4 - -2)))?
3
What is the value of 2 + (-5 - -3) + (1 - -3)?
4
Calculate 4 + (-5 - (4 - 19)) + -6.
8
Evaluate (6 - 1) + (1 - 4).
2
What is -5 + (13 - -6) + -13?
1
What is the value of 2 + -2 + -5 + 9?
4
Calculate 3 + -1 - (9 - 13).
6
What is 0 + -8 + (-1 - (2 - 6))?
-5
Calculate 1 + 1 + -5 + -5 + 6.
-2
What is (-8 - -13) + (-1 - (-2 - -2))?
4
Calculate (7 - 6) + 0 - 7 - -14.
8
What is the value of 1 + 7 + -3 - 11?
-6
What is the value of (6 - 3) + -6 - (-7 - -5)?
-1
What is the value of 2 - (-6 + 15) - (-5 - 0)?
-2
Calculate 8 - (10 + (-11 - -4)).
5
What is the value of (2 - (4 + 3)) + 5?
0
(1 - (1 + (3 - 4))) + 1
2
What is 11 + -2 - (2 + 4)?
3
What is the value of (-11 - -1) + (-280 - -295)?
5
-5 + (-4 - -14) + (0 - 5)
0
What is -1 + 3 - (0 - -4)?
-2
Calculate -14 + 2 + 82 + -70.
0
What is the value of (2 - (5 + 1)) + 1?
-3
-8 - -1 - (20 + -18 - 14)
5
Evaluate 4 - (-6 - -4) - 2.
4
What is 0 + -8 + (9 - (3 - 4))?
2
What is the value of 1 - 6 - (22 + -26)?
-1
Evaluate -1 - (-6 + 17 + -5) - 0.
-7
What is 5 + (1 + 2 + -4 - 4)?
0
Evaluate 6 + 3 - (8 + 7).
-6
What is 2 - (-3 - -7) - (0 + 0)?
-2
What is 4 + (-4 + 9 - 6)?
3
Calculate -9 + 15 - (2 + 1).
3
Calculate -7 + (-1 - 2) + 18.
8
3 + (-5 + 3 - (0 + 0))
1
What is -4 + -2 + 0 + -3 + -2?
-11
Evaluate (-25 - -19) + (5 - -4).
3
What is (1 - 1 - 3) + 6?
3
What is the value of 7 - (8 + -2 + 1)?
0
What is the value of 21 + -18 + (1 - (-4 - -1))?
7
Evaluate -4 + -41 + 33 + 3 + -2.
-11
What is the value of (-1 - 2) + 2 + -3 + -1?
-5
Evaluate 7 + 3 + (-7 - -3) + -1.
5
Evaluate 5 - (11 - -4) - -3 - -2.
-5
Calculate (3 - (22 - 9)) + 11.
1
Evaluate 5 - (-5 + (7 - 3) - -3).
3
Calculate -8 + 12 + (0 - -2 - 2).
4
Calculate 14 + -2 + -11 + (15 - 6).
10
What is the value of 1 + (-6 - -5) + (-2 - 0)?
-2
What is the value of 4 + (15 - 16) + (-1 - 4)?
-2
-14 - -21 - 4 - 3
0
What is 2 + -3 - (-21 + 15)?
5
Calculate 0 - (9 + (-4 - 3)) - -1.
-1
(-1 - 4) + (20 - 13)
2
What is the value of 24 + -32 - (2 + 0)?
-10
-5 - -10 - 4 - -5 - 1
5
What is -35 + 28 - (-2 - 13)?
8
What is 8 - (6 + 6 - (-7 + 1))?
-10
What is the value of -6 + (-1 - (3 - 8 - -8))?
-10
Evaluate 8 + (2 - (-8 - -11)) + -1.
6
What is the value of (2 + 0 - 2 - -8) + -3?
5
Calculate 1 + -6 - (15 - (2 - -18)).
0
What is 1 - (4 + -3 - -4)?
-4
What is (-2 - -1) + (5 - 6)?
-2
-4 - (-12 + 6) - 3
-1
What is 1 - (0 + 1) - (2 + 2)?
-4
Calculate 3 - (3 + 2 + 0 - -3).
-5
What is (0 - (-3 - -2) - -9) + -6?
4
Calculate (14 - 18) + 0 + 0.
-4
Calculate -1 + 3 - (9 - 6).
-1
What is 12 + -4 + -4 + (-4 - 0)?
0
What is the value of 9 - (1 - (6 + -9))?
5
What is 4 - ((3 - 3) + -1 + 11)?
-6
What is the value of -2 - (12 + -4 + -14 - -12)?
-8
Evaluate -4 - ((1 - -1) + -5 + -3).
2
Evaluate (-2 + 0 - -7) + -6.
-1
(-9 - -15) + 5 + 0 + -7
4
7 + -14 + 7 + -7
-7
Calculate 7 + -4 + (-2 - -2) + -2.
1
Evaluate (-4 - ((14 - 6) + -8)) + 12.
8
Evaluate -21 + 14 - (-1 + (0 - -3)).
-9
Evaluate 5 + (-4 + (4 - 4) - -3).
4
What is (-5 - -5) + -1 + 5?
4
Evaluate (-1 - -3 - 6 - 5) + 2.
-7
Evaluate 5 - (14 + -7) - (-1 + -1).
0
1 - (-13 + 7 + 8)
-1
Calculate 4 - 3 - (-4 + 12 - 3).
-4
Evaluate (-3 - 4) + (26 - 23).
-4
What is -2 + (-7 - -9) - 5?
-5
-8 - (2 - (-1 - -5))
-6
Evaluate 2 + (8 + 0 - 15) + 0.
-5
-1 - (-8 - (-9 - -2))
0
What is 16 + -10 - (5 + 3 + -5)?
3
What is the value of -8 + (9 - -2) + -25 + 24?
2
Calculate 0 - 12 - (-59 - -52).
-5
What is 2 - (-5 - (-8 - (2 + -2)))?
-1
What is the value of -9 + (4 - (5 + -5))?
-5
-2 + 1 + (7 - -6 - 8)
4
What is 0 + 0 + 74 + -69?
5
12 + -16 + (-1 - -2)
-3
What is 2 + -2 + (12 - 6) + -11?
-5
-3 + 3 + -14 + 16
2
0 + 2 - (-1 + -2)
5
What is the value of -3 + (1 - -3) - -2?
3
(-1 - (-5 - -2)) + 21 + -24
-1
-6 - ((-1 - 1 - 1) + 1)
-4
9 - 2 - 5 - -1
3
What is 1 + 5 + (1 - (-5 - -9))?
3
Evaluate 6 + (-1 - (6 - -1)).
-2
Evaluate -7 - (-14 - (-1 + -4) - -6).
-4
What is the value of 1 - (0 - 3 - (-32 - -30))?
2
What is the value of 1 - -3 - (5 - -5) - -8?
2
What is the value of -4 - (0 + (2 - 3))?
-3
Calculate (-10 - 2) + 9 + -1.
-4
What is 1 - (-1 + (3 - 1))?
0
Evaluate -1 + 21 - (-27 + 39).
8
What is the value of 7 - (5 + 6 - 13)?
9
2 + -6 - (-13 - (4 - 20))
-7
Evaluate 0 + 2 - (-97 - -92) - 13.
-6
Calculate -11 + 0 - (-132 + 126).
-5
What is the value of -7 + (-16 + 8 - -10)?
-5
What is -12 + (11 - 5) + 5?
-1
Calculate 3 + -2 + 3 - (9 + -4).
-1
3 - 4 - (2 + -4)
1
Calculate -11 - (-1 + -8) - 1.
-3
Calculate -4 - (-11 + 7 + 0 + 1).
-1
What is 1 - (-7 + 4 + 8)?
-4
Calculate (4 - 8) + 10 - (-1 + 3).
4
What is the value of -5 + -1 - (60 - 61)?
-5
What is the value of (5 - 8 - 1) + 7?
3
What is 4 - (1 - 3) - 4?
2
What is the value of 1 - (0 + -5 + 12 + -2)?
-4
5 + 5 + -4 - 1 - -2
7
Evaluate -1 + 1 + 6 + -16 + 11.
1
What is -2 + (1 - 2) - 1?
-4
What is the value of 1 + (-4 - -3) - -3?
3
Evaluate 3 - (4 - 1) - 5.
-5
Evaluate (-3 + (3 - 2) - 1) + 3.
0
Evaluate 5 + -23 + 12 - (1 + -9).
2
Calculate -2 + 4 - (1 + (8 - 2)).
-5
What is the value of -8 + 9 - (-1 - -2)?
0
What is the value of (6 - 12 - -6) + -4?
-4
-2 - (7 - 4) - -3
-2
Evaluate 0 + (-2 + 2 - 2).
-2
Calculate -7 - (12 - (6 + 5)).
-8
Evaluate (0 - (-10 - -5)) + 3 + -8.
0
Evaluate 8 + -5 - (3 - -2).
-2
Evaluate 3 - (-2 - -9 - 11).
7
36 - 38 - (-3 - (0 - 0))
1
Calculate 3 - (0 + 0) - -2.
5
Evaluate -5 - (-4 - (-4 - 0) - 0).
-5
Calculate -3 + (-3 - -5) + (2 - 2).
-1
Calculate -9 - (1 - 9) - (-1 + -7).
7
What is (15 - 10) + (2 - 5) - -2?
4
What is the value of (-12 - (-13 + -3)) + 1?
5
Calculate -4 + 0 + (11 - 5).
2
What is the value of 9 - (-2 - (-1 - 5))?
5
What is the value of (0 + 4 - 0) + 0?
4
-4 + (2 - 0 - 0) - -2
0
What is the value of (4 - 3 - 0) + 3 - 2?
2
What is the value of -11 + 20 + -8 - (0 - 0)?
1
What is the value of -9 + (-2 - 4) + 9?
-6
What is the value of 0 + (-6 - -4) + 0 + 0?
-2
What is the value of -2 + (-3 - 3 - -4 - -4)?
0
What is (4 - -2) + 5 + -7?
4
What is -1 + (7 - (0 - -1)) + -2?
3
Evaluate -4 + 1 - (0 - 1) - -2.
0
Evaluate -14 + (-4 + 4 - -7) + 12.
5
Calculate -2 - (4 - (0 - -3) - 2).
-1
What is 7 + -9 + 1 + 3 - -1?
3
Calculate -8 + 9 - (-1 + 0 + 2).
0
What is the value of -1 + -1 - 3 - 0?
-5
Calculate (-21 - -24) + -5 + 0.
-2
What is -5 + (17 - 15) + (8 - 1)?
4
What is the value of 4 + -9 - (-13 + 3)?
5
-7 - (12 + -15 + 6)
-10
Evaluate -7 + 4 - (-4 + 1).
0
What is the value of 0 - -5 - (-5 + 7)?
3
What is the value of 16 + (-20 - -3) - (-1 + 8)?
-8
Evaluate -10 + 7 - (-7 + 1 + 0).
3
Evaluate 5 + (0 - 11) - -12.
6
0 + -1 + (-16 - -15)
-2
Calculate 9 - ((-2 - 7) + 16).
2
Evaluate 4 + (-1 - (0 + 3)).
0
What is (2 - -1) + -7 + 1?
-3
Evaluate 4 + 1 - 6 - (-5 + -1).
5
What is (-11 - 0) + (31 - 25)?
-5
11 - 7 - (4 + 1)
-1
2 - 0 - (1 + 5)
-4
Calculate 4 - (8 - 1 - 4).
1
Calculate (2 - (-14 - -13)) + (1 - 7).
-3
Evaluate 3 + (-5 + 0 - -3).
1
Calculate